1207?
71
Suppose 19*i - 628 = 816. What is the greatest common factor of i and 32?
4
Let p(v) = v**3 - 8*v**2 + 10*v - 33. Let z be p(7). Suppose 3*m + m + 68 = 0. Let y = z - m. What is the highest common factor of y and 55?
5
Let y(z) = 14*z**2 - 15*z**2 - 2*z - 20 + 25*z. Let m be y(15). Let f be ((-6)/15)/(2/(-100)). Calculate the greatest common divisor of m and f.
20
Let h(d) = 29*d**3 - 12*d + 11. Let k be h(1). Calculate the greatest common factor of k and 28.
28
Let f(c) = -3 + 9*c**2 + 5*c + 7*c**3 - 2*c**2 - 8*c**3. Let i be f(6). Suppose -5*b + i - 3 = 0. Calculate the greatest common divisor of b and 96.
12
Let q(x) = -x - 1. Let m be (-8 - 1) + (-4)/(-2). Let n be q(m). Let k be (2 - (-160)/(-14))/(6/(-42)). What is the highest common factor of k and n?
6
Let d(c) = c**2 + 3*c + 361. Let b be d(0). Suppose -b = -7*u + 234. Calculate the greatest common divisor of 34 and u.
17
Let f = 780 + 65. What is the highest common divisor of f and 65?
65
Suppose -2*c - 12 + 2 = 0. Let l = c + 5. Suppose -5*v - 3*z + 31 = l, 3*z + 15 + 10 = 2*v. Calculate the greatest common factor of v and 72.
8
Let c be 45/18 + (1911/6 - -1). Calculate the highest common divisor of 92 and c.
46
Let s = 418 + -417. Suppose -r - 5*j = -21, 0 = 5*r + j + j - 13. What is the greatest common divisor of s and r?
1
Suppose 0 = -2*m + 2 + 22. Suppose -3*l + 140 = -2*u, -4*l + u + 142 = -l. What is the highest common divisor of m and l?
12
Let i be (-1)/(-3) + (-2652)/(-9). Suppose 5*u - 1493 = -3*y, -y + i = u - 4*y. Suppose u = 2*x + 28. What is the highest common factor of x and 15?
15
Let h = 357 + -303. Suppose -2*s + 4*g + 15 = g, -g + 29 = 5*s. What is the highest common factor of s and h?
6
Let i be (24/(-3))/(4/(-10)). Suppose -12 = s - 4*s - 2*u, -4*u = 2*s. Let k be s/(-24) + (-33)/(-4). Calculate the greatest common factor of k and i.
4
Let x(w) = w**2 - 6*w + 8. Let y be x(4). Suppose 0 = -5*s + 2*a + 50, -7*a + 3*a = y. What is the highest common divisor of s and 90?
10
Let g = -923 - -941. Calculate the greatest common factor of 48 and g.
6
Suppose 0 = 7*i + 177 - 422. Suppose 5*u - 15 = 55. What is the highest common factor of u and i?
7
Let j(q) = 761*q + 187. Let h be j(1). Calculate the highest common factor of h and 12.
12
Let h be 1 - ((-1 - -5 - 64) + -2). Let y be (-3)/(-6)*-2*2. Let w be y - (72/4)/(-2). What is the greatest common divisor of w and h?
7
Let h = 2790 - 2750. Let s be 6/(-4)*20/(-6). What is the highest common divisor of h and s?
5
Suppose 5*k - 58 - 32 = -5*g, 3*k = 2*g + 69. What is the greatest common divisor of k and 77?
7
Let u(t) = 3*t**3 - 8*t + 29. Let l be u(3). What is the greatest common divisor of l and 43?
43
Suppose -2 = 2*o + 2*k, -4*o + 2*k + 6 = -8. Let n = -3 - o. Let l be 20 + (3 - n/(-1)). Calculate the highest common divisor of 126 and l.
18
Suppose 9 = n + 2*d - 110, 4*d + 595 = 5*n. Calculate the greatest common factor of 17 and n.
17
Suppose -y + 2 = -k - 0, k + 4*y = 18. Suppose -k*v - 4*b = -28, -3*b + 1 + 2 = 0. What is the highest common factor of 36 and v?
12
Suppose 14*l = 12*l - 44. Suppose 0*d = 4*d + 96. Let j be 1/(d/l - 1). What is the highest common factor of 1 and j?
1
Let c(p) = -p - 6. Let g be c(-3). Let h = -1030 + 1016. Let a = g - h. Calculate the highest common factor of a and 77.
11
Suppose -t - 155 = y - 1608, -4*t + 4*y + 5804 = 0. What is the greatest common divisor of t and 12?
12
Let l = 1671 + -1300. What is the greatest common factor of l and 106?
53
Let o = -7 + 52. Let t(f) = -f**2 - 5*f + 1. Suppose -5*v = -4*n - 41, -5*v + 26 = -4*n - 3*v. Let x be t(n). Calculate the greatest common factor of o and x.
5
Let l = 253 - 226. Calculate the greatest common divisor of l and 216.
27
Let j(g) = 2*g**3 - 6*g**2 - 3*g - 17. Let o be j(4). What is the greatest common divisor of 8 and o?
1
Let t be (-148)/(-8)*2 - -3. Let q = t - 18. Suppose 3*f - 69 = l - 2, 4*f = 4*l + 92. What is the highest common factor of f and q?
22
Let d(l) = 5*l**2 + l - 6. Let j be d(4). Let b be j/(5/(-5) + 3). Calculate the highest common divisor of 26 and b.
13
Let s be 1/(1 + (5 - (-956)/(-160))). Calculate the greatest common divisor of s and 15.
5
Let g = 19 - 25. Let t be (21/6)/((-3)/g). Suppose t = 5*u - 18. Calculate the greatest common factor of u and 20.
5
Let t = -28 - -28. Suppose t = -0*z - z + 9. What is the greatest common factor of z and 1?
1
Let b = 358 - -125. Calculate the greatest common factor of 21 and b.
21
Suppose -16*c + 10 = 5*n - 12*c, -5*c = -2*n + 4. What is the greatest common divisor of n and 202?
2
Let a(w) = w**2 - 11*w. Let p be a(-4). Calculate the greatest common factor of 520 and p.
20
Suppose 3*o + o - 16 = 0, -4*w + 28 = -4*o. Suppose 2 = -s - 3*i, -5*s + 2*i + 26 = -i. Suppose 26 + 18 = s*t. What is the highest common divisor of w and t?
11
Suppose -70 = 12*p - 13*p. Let y = 25 + -11. Calculate the highest common divisor of p and y.
14
Let p(n) = 2*n**2 + 4*n - 1. Let w be p(-4). Suppose -m = 4 - w. What is the greatest common factor of m and 11?
11
Suppose 17*v - 5*t = 12*v + 400, 4 = -t. Suppose 4*f - 158 = 70. Calculate the greatest common factor of f and v.
19
Suppose 5*m = 4*v - 96, 18*m = 5*v + 13*m - 115. Calculate the highest common divisor of v and 1.
1
Suppose -9*c - 12 + 39 = 0. Calculate the greatest common factor of 19 and c.
1
Suppose -5*l + 4*c + 1 = c, -2*l = c - 7. Suppose l*v - 39 = v. What is the greatest common factor of 26 and v?
13
Let w be (1/((-10)/(-52)))/((-7)/(-35)). Suppose 5*u - 15 = 0, -5*u - 69 = -2*g + w. Calculate the greatest common factor of 11 and g.
11
Let x(i) = i**2 - 42*i - 549. Let c be x(57). Calculate the highest common divisor of 34 and c.
34
Let u = 154 + -65. Let a = -87 + u. What is the highest common factor of 14 and a?
2
Suppose -t = -5*v + 45, -2*t - 330 = 3*t - 4*v. Let q = t - -106. Let o = 58 + -34. Calculate the highest common factor of q and o.
12
Suppose 6*y = 2*d + y - 830, -2*d = -4*y - 834. Calculate the greatest common divisor of 25 and d.
25
Let o(n) = -n**3 + n**2 + 2*n - 4. Let h be -2*(2 + (2 - 3)). Let v be o(h). What is the greatest common divisor of v and 4?
4
Let b = -151 + 163. What is the highest common factor of b and 3?
3
Let n be 1/2 + (297/22)/27. What is the greatest common divisor of n and 163?
1
Suppose 126*d - 132*d + 1596 = 0. What is the greatest common factor of 14 and d?
14
Suppose -10 = 2*s - 16. Suppose 3*t = s - 9, 2*g = 4*t + 20. Let n(x) = x**2 + 5*x + 12. Let v be n(-9). What is the greatest common divisor of g and v?
6
Suppose -62 = 5*h + 183. Let t be (3 - 63/(-28))/(6/128). Let c = t + h. What is the greatest common divisor of c and 7?
7
Suppose -345 = -2*q + 657. Suppose 2*f = 5*f + 2*p - 739, -3*p = 2*f - q. Suppose 4*k - f = 57. What is the highest common factor of 30 and k?
15
Let x = 576 + -402. Let d be 0/((-30)/(-5)) + 0 + 29. What is the highest common divisor of d and x?
29
Let y(g) = 46*g**2 - g. Let x be y(2). Let s = -160 + 186. What is the greatest common factor of x and s?
26
Suppose 0 = 2*y - 4 - 10. Let r be (-21 - -10)/(-3 - 8). Calculate the highest common factor of r and y.
1
Let h be (-18 - 0/3)*-40. Suppose p - 144 = -4*s, 0 = 5*p - 0*s - s - h. Suppose -16 = -2*n + 20. What is the highest common factor of n and p?
18
Let y be (13 - (0 + 1)) + 1. Suppose -4*q = -3*p - 31, -3*q - p + y = -2*q. Let o = 41 + -31. What is the greatest common divisor of q and o?
10
Let s = 3 + 9. Let u be 7/((-1 - -5)/s). Let h(y) = 8*y**2 + 5*y - 1. Let b be h(4). Calculate the highest common divisor of b and u.
21
Suppose -60 = -3*b - 3*k, 0*b = 3*b + 5*k - 70. What is the highest common factor of 255 and b?
15
Let o(c) = -11*c + 3. Let i be o(-1). Let q(g) = 34*g - 15. Let f be q(6). Let z = -35 + f. Calculate the highest common divisor of z and i.
14
Suppose u = 4*c + 42, -c + 5*c - 2*u = -40. Let a(w) = w**2 + 8*w - 15. Let q be a(c). Calculate the greatest common factor of q and 12.
6
Let l be -3*(-44)/(-3)*(-11 + 7). Calculate the highest common factor of l and 16.
16
Suppose 3*s + j = 2*s + 15, -2*s + 4*j + 42 = 0. What is the highest common divisor of 323 and s?
17
Let y = 109 - 49. Suppose 0 = -0*a + 5*a - y. Let v = 7573 - 7565. Calculate the greatest common di